 when (57/12 - (-12)/w) + 138 is divided by 9?
7
Suppose 5*o + 1222 = 21*o + 31*o. Calculate the remainder when o is divided by 1.
0
Let b be (9/6)/((1/4)/1). Let c(n) = -1 - 8*n - 5*n - n**2 + 5*n**2 + b*n. What is the remainder when c(-4) is divided by 23?
22
Let r = -106 - -100. Let f = -4 - 5. Calculate the remainder when 387/r*(-3)/(f/(-2)) is divided by 9.
7
Let m be 0*8/24 - (-9 + 1). Suppose -3*s + 15 = -0*s. Let p = m + s. Calculate the remainder when 35 is divided by p.
9
Let b(j) = -j**3 + 44*j**2 - 404*j - 15. What is the remainder when b(15) is divided by 13?
8
Suppose 0 = -4*t - p + 1857, 64*t - 924 = 62*t + 4*p. Calculate the remainder when t is divided by 90.
14
Let p = -1534 - -2042. Calculate the remainder when p is divided by 176.
156
Let f be 2/(-4)*(-12)/3. Suppose b = 2*y + 20, 2*y - 1 = -f*b + 9. Suppose -11*s - 116 = -15*s + t, s - 16 = -3*t. What is the remainder when s is divided by b?
8
Suppose 231 = u + 3*f, -6*u + 6*f = -9*u + 693. Calculate the remainder when u is divided by 48.
39
Let f = 155 - 151. Suppose -n = 5*l - 3*l - 17, f*n - 64 = -4*l. What is the remainder when n is divided by 12?
3
Suppose 2*i + 3*f - 21 = -i, 4*f + 35 = 3*i. What is the remainder when 4/(-18) + 1118/i is divided by 572236/22920 - 1/(-30)?
24
What is the remainder when -9 - (9 + -2)*-12 is divided by 40?
35
Let x be 40/1 - (4 - 3). Suppose -33 = -4*t + x. Let s = t + -14. Calculate the remainder when 14 is divided by s.
2
Let l(k) be the second derivative of k**3/2 - 16*k**2 - 12*k - 1. Let c(w) = w**2 + 4*w - 3. What is the remainder when l(19) is divided by c(-6)?
7
Let n(j) = 1 + 1 - 83*j + 85*j. Let x be n(1). Suppose x*s + 2*p - 3*p = 167, -3*s - 5*p + 108 = 0. What is the remainder when s is divided by 15?
11
What is the remainder when 339 is divided by 46 - 12/(-18)*(-7 + 13)?
39
Suppose 12*r = 6 + 18. Suppose -28 = -r*n + 138. Calculate the remainder when 661 is divided by n.
80
Let x = -36 - -103. Let n(d) = -2*d + d + 134 + d + 4*d. Calculate the remainder when x is divided by n(-31).
7
Suppose -1208 = -3*z + 721. Suppose -8*s + z = 43. Calculate the remainder when s is divided by 10.
5
Suppose 3*o + s - 3*s - 16 = 0, -3*o + 3*s + 18 = 0. Let i be 1/(o/(-10))*(-44)/55. Calculate the remainder when 180 is divided by (i/6)/1 + (-2877)/(-63).
42
Suppose -2*z + 12351 = 9*l + 3*z, -15 = 5*z. Calculate the remainder when l is divided by 106.
102
Let c(j) = 120*j + 372. Calculate the remainder when 2373 is divided by c(-3).
9
Let g = -840 - -859. Calculate the remainder when 3419 is divided by g.
18
Let x(b) = 16*b - 60. Let t = 187 - 182. What is the remainder when x(t) is divided by 8?
4
What is the remainder when ((-18)/(-9))/(-4*(-5)/1270) is divided by 67?
60
Let g = -7996 + 8533. What is the remainder when 1075 is divided by g?
1
Suppose 307 = 4*q - 429. Suppose -5*o = -611 - q. What is the remainder when o is divided by 20?
19
Suppose -2*r = -a + 674, 3*a = 235*r - 237*r + 1966. Calculate the remainder when a is divided by 280.
100
Suppose 0 = -3*i - 2*a + 31, -4*i + 38*a = 41*a - 40. Calculate the remainder when 72 is divided by i.
7
Suppose 14*y - 89*y + 1534 - 109 = 0. What is the remainder when 3322 is divided by y?
16
Suppose -7*t = -20*t - 3*t + 3968. What is the remainder when 831 is divided by t?
87
Let y be -1*-1*5*(-19 + 20). Suppose 0 = y*h - 2*b - 669, -b = 4*h - 6*h + 267. What is the remainder when h is divided by 68?
67
Let t(y) = -2*y + 33 - 12 + 0*y + 21. Let w(s) = 2*s**2 + 10*s - 11. What is the remainder when w(-8) is divided by t(17)?
5
Calculate the remainder when 363 is divided by ((-105)/(-45))/((-119)/(-2958)).
15
Let y be (1 + -2 - 1) + 614. Let s = y + -556. Calculate the remainder when 212 is divided by s.
44
Let m be (56/(-21))/(916/456 + -2). Calculate the remainder when m/6*1230/(-328) is divided by 8.
6
Suppose g - 3*s = 129, -4*g + 488 = -18*s + 13*s. Calculate the remainder when g is divided by 66.
51
Suppose -81*q = -2179 - 2600. What is the remainder when 367 is divided by q?
13
Suppose -1278 - 542 = -26*u. What is the remainder when 132 is divided by u?
62
Let y(a) = 15*a - 223. Calculate the remainder when 376 is divided by y(24).
102
Suppose -48*f + 53*f = 50. Suppose -2*m - 8 = -p - 4*m, 2*m = p - 12. Suppose -p = -9*t + 17. Calculate the remainder when f is divided by t.
1
Let t(h) = h**3 + 61*h**2 - 333*h - 183. What is the remainder when 6219 is divided by t(-66)?
9
Suppose 4*x + 24 = 0, -2*j + 72*x + 2356 = 69*x. What is the remainder when 3519 is divided by j?
12
Suppose 240 = 8*f + 8. Suppose -97*z + 12004 = 2110. What is the remainder when z is divided by f?
15
Let n be (6/8)/((-621)/72 + 9). Suppose -12 = -4*w - 4*c, 0 = -2*c + c - n. What is the remainder when 164 is divided by w?
4
Let y be 41000/540 - (-4)/54. Suppose -3*j + 62 = -2*f, -4*f = 9*j - 5*j - y. What is the remainder when j is divided by 14?
6
Let g be ((-6)/(36/(-1950)))/1. Let v = g + -315. What is the remainder when 23 is divided by v?
3
Let s = 7375 + -7296. Calculate the remainder when 191 is divided by s.
33
Let q(v) = -5*v**3 - 9*v**2 - 3*v - 112. What is the remainder when q(-8) is divided by 74?
46
Let l(v) = -v**3 - v**2 + 7*v - 32. What is the remainder when l(-5) is divided by (-33)/(-2) - 3/6?
1
Suppose 14592 = 182*v - 47928 - 56508. What is the remainder when v is divided by 637?
17
Suppose 2*o + 16871 - 16903 = 0. What is the remainder when 149 is divided by o?
5
Suppose 10 = -2*q, -49*q = i - 48*q - 394. What is the remainder when i is divided by 32?
15
Let d be ((-677)/(-1))/((-130)/(-20) - 6). Suppose 2*b + d = 1420. What is the remainder when b is divided by 2?
1
Suppose w = -0*w + 3. Suppose -w*t + 2*t = -35. Calculate the remainder when t is divided by (-3)/2 - 4017/(-206).
17
Let m = 71 - 57. Let k(d) = -d**3 + 9*d**2 - 6*d + 11. Let q be k(8). Suppose 30*h - q*h - 12 = 0. What is the remainder when m is divided by h?
2
Suppose -33*f + 182 = -20*f. Let d(i) = 7*i - 76. Calculate the remainder when 77 is divided by d(f).
11
Let v = -1681 + 1848. What is the remainder when 2000 is divided by v?
163
Let p be (-10 - 1*(-3 + -2)) + -27. Let u(h) = 2*h**2 + 9*h + 7. Calculate the remainder when p/10*(-630)/28 is divided by u(-6).
22
Suppose 41*x - 10*x + 39*x = 54740. What is the remainder when x is divided by 379?
24
Let d(j) = 17*j - 25. Let z(f) = -32*f + 51. Let m(y) = 9*d(y) + 4*z(y). Let h be m(4). Let q = 171 - h. Calculate the remainder when q is divided by 19.
16
Let s = -29 - -100. Let t be (-2 + 2)/(-5) - -5. Suppose -7*h = -t*h - 2*i - 38, -3*h + 2*i + 62 = 0. What is the remainder when s is divided by h?
23
Let h = 3915 + -3902. Suppose -r - 4 = -3*o, 27 = 3*r + 2*o + 2*o. Calculate the remainder when h is divided by r.
3
Suppose 568 = 4*t + 4*b, -4*t - 165*b = -169*b - 584. Calculate the remainder when 450 is divided by t.
18
Let j(s) = s**3 + 11*s**2 - 18*s + 2. Let q be j(-6). Suppose -k - q = -4*z, k + 20 = 2*z - 124. Calculate the remainder when z is divided by 16.
9
Suppose 912 = -69*h + 85*h. Suppose 0 = 60*l - h*l - 183. Calculate the remainder when l is divided by 516/30 + (-2)/10.
10
Let n(i) = -19*i**3 + 54*i**2 + 93*i - 17. Let a = -35 + 63. What is the remainder when n(-2) is divided by a?
25
Let b = 11641 - 11480. What is the remainder when 798 is divided by b?
154
Let n = 77 + 170. What is the remainder when n is divided by (-5)/(1*(-7)/35)?
22
Let n = -546 + 546. Suppose -3*o + 2*x + 331 = 0, -36*o + 37*o - 4*x - 97 = n. Calculate the remainder when o is divided by 5.
3
Let n be 4 + -8*4*(-5)/(-40). Suppose 10*p - 862 - 1088 = n. Calculate the remainder when p is divided by 49.
48
Suppose -j + 99 = -4. Let d = j + -5. Calculate the remainder when d is divided by 25.
23
Let c = 30 - 30. Suppose c*x - 267 = -5*x - 2*m, 3*m + 12 = 0. Suppose o = -2*o + w + x, 2*o + 5*w - 14 = 0. Calculate the remainder when 31 is divided by o.
14
Let l(p) = -3*p - 9. Suppose 3*w + d + 13 = 0, -w - 2*w + 2 = 4*d. Let o be l(w). Calculate the remainder when 87 + o/2*4/(-6) is divided by 22.
18
Calculate the remainder when 1031 is divided by (-4)/6 - (-272)/612 - (-74)/9.
7
Suppose 84*x - 27*x - 25302 - 63 = 0. Calculate the remainder when x is divided by 56.
53
Let w be 14 - 15 - (3 + 1